{"id":4,"date":"2012-10-09T10:30:16","date_gmt":"2012-10-09T08:30:16","guid":{"rendered":"http:\/\/www.mingbrill.de\/Testseite\/wordpress\/?page_id=4"},"modified":"2024-10-29T12:29:01","modified_gmt":"2024-10-29T10:29:01","slug":"uber-mich","status":"publish","type":"page","link":"http:\/\/www.mingbrill.de\/?page_id=4","title":{"rendered":"\u00dcber mich"},"content":{"rendered":"\n<p><em>Peter Wirtz<\/em><br>Staatl. gepr. Augenoptiker &amp; Augenoptikermeister<br>Kontaktlinsenspezialist<\/p>\n\n\n\n<figure class=\"wp-block-image size-full is-resized\"><img loading=\"lazy\" decoding=\"async\" width=\"2048\" height=\"1366\" src=\"http:\/\/www.mingbrill.de\/wp-content\/uploads\/2024\/10\/WhatsApp-Bild-2024-10-29-um-10.45.54_9801aa3f.jpg\" alt=\"\" class=\"wp-image-1023\" style=\"width:460px;height:auto\" srcset=\"http:\/\/www.mingbrill.de\/wp-content\/uploads\/2024\/10\/WhatsApp-Bild-2024-10-29-um-10.45.54_9801aa3f.jpg 2048w, http:\/\/www.mingbrill.de\/wp-content\/uploads\/2024\/10\/WhatsApp-Bild-2024-10-29-um-10.45.54_9801aa3f-300x200.jpg 300w, http:\/\/www.mingbrill.de\/wp-content\/uploads\/2024\/10\/WhatsApp-Bild-2024-10-29-um-10.45.54_9801aa3f-1024x683.jpg 1024w, http:\/\/www.mingbrill.de\/wp-content\/uploads\/2024\/10\/WhatsApp-Bild-2024-10-29-um-10.45.54_9801aa3f-768x512.jpg 768w, http:\/\/www.mingbrill.de\/wp-content\/uploads\/2024\/10\/WhatsApp-Bild-2024-10-29-um-10.45.54_9801aa3f-1536x1025.jpg 1536w\" sizes=\"auto, (max-width: 767px) 89vw, (max-width: 1000px) 54vw, (max-width: 1071px) 543px, 580px\" \/><\/figure>\n\n\n\n<p>Ich kann auf eine \u00fcber 20j\u00e4hrige Berufspraxis zur\u00fcckgreifen. Bei mir sind Sie also in besten H\u00e4nden.<\/p>\n\n\n\n<p><\/p>\n\n\n\n<p>&nbsp;<\/p>\n\n\n\n<p><\/p>\n","protected":false},"excerpt":{"rendered":"<p>Peter WirtzStaatl. gepr. Augenoptiker &amp; AugenoptikermeisterKontaktlinsenspezialist Ich kann auf eine \u00fcber 20j\u00e4hrige Berufspraxis zur\u00fcckgreifen. Bei mir sind Sie also in besten H\u00e4nden. &nbsp;<\/p>\n","protected":false},"author":1,"featured_media":0,"parent":0,"menu_order":0,"comment_status":"closed","ping_status":"closed","template":"","meta":{"footnotes":""},"class_list":["post-4","page","type-page","status-publish","hentry"],"_links":{"self":[{"href":"http:\/\/www.mingbrill.de\/index.php?rest_route=\/wp\/v2\/pages\/4","targetHints":{"allow":["GET"]}}],"collection":[{"href":"http:\/\/www.mingbrill.de\/index.php?rest_route=\/wp\/v2\/pages"}],"about":[{"href":"http:\/\/www.mingbrill.de\/index.php?rest_route=\/wp\/v2\/types\/page"}],"author":[{"embeddable":true,"href":"http:\/\/www.mingbrill.de\/index.php?rest_route=\/wp\/v2\/users\/1"}],"replies":[{"embeddable":true,"href":"http:\/\/www.mingbrill.de\/index.php?rest_route=%2Fwp%2Fv2%2Fcomments&post=4"}],"version-history":[{"count":13,"href":"http:\/\/www.mingbrill.de\/index.php?rest_route=\/wp\/v2\/pages\/4\/revisions"}],"predecessor-version":[{"id":1033,"href":"http:\/\/www.mingbrill.de\/index.php?rest_route=\/wp\/v2\/pages\/4\/revisions\/1033"}],"wp:attachment":[{"href":"http:\/\/www.mingbrill.de\/index.php?rest_route=%2Fwp%2Fv2%2Fmedia&parent=4"}],"curies":[{"name":"wp","href":"https:\/\/api.w.org\/{rel}","templated":true}]}}