{"id":939,"date":"2024-10-27T18:11:23","date_gmt":"2024-10-27T16:11:23","guid":{"rendered":"http:\/\/www.mingbrill.de\/?page_id=939"},"modified":"2026-03-06T21:31:23","modified_gmt":"2026-03-06T19:31:23","slug":"home","status":"publish","type":"page","link":"http:\/\/www.mingbrill.de\/","title":{"rendered":"Home"},"content":{"rendered":"\n<p class=\"has-medium-font-size\"><em>Willkommen bei Ming Brill<\/em> !<\/p>\n\n\n\n<p>Unter dem Motto \u201emodern, stylisch und neu&#8220; bietet Ming Brill seit Herbst 2007 eine vielf\u00e4ltige Auswahl aktueller Brillenmodelle und Kontaktlinsen an. Im Herzen von K\u00f6ln-S\u00fclz finden Sie nicht nur ein umfangreiches Sortiment, sondern auch eine kompetente Beratung. Seit 2012 haben wir uns auf Brillen f\u00fcr schmale Gesichter und enge Augenabst\u00e4nde spezialisiert und f\u00fchren eine der gr\u00f6\u00dften Kollektionen an kleinen und schmalen Brillengestellen im gesamten K\u00f6lner Raum. Nat\u00fcrlich f\u00fchren wir auch Brillenfassungen in Standardgr\u00f6\u00dfen. Gerne laden wir Sie zu einem kostenlosen Schnelltest ein. <br>Um f\u00fcr jeden Kunden gen\u00fcgend Zeit zu haben bitte ich um vorherige Terminvereinbarung, telefonisch oder per Mail.<\/p>\n\n\n\n<p><\/p>\n\n\n\n<p><br>Ich freue mich auf Sie !<\/p>\n\n\n\n<div class=\"wp-block-columns is-layout-flex wp-container-core-columns-is-layout-9d6595d7 wp-block-columns-is-layout-flex\">\n<div class=\"wp-block-column is-layout-flow wp-block-column-is-layout-flow\">\n<figure class=\"wp-block-image size-large is-resized\"><img loading=\"lazy\" decoding=\"async\" width=\"1024\" height=\"716\" src=\"http:\/\/www.mingbrill.de\/wp-content\/uploads\/2024\/10\/MingBrill-Laden2024-1-1024x716.jpg\" alt=\"\" class=\"wp-image-1003\" style=\"width:319px;height:auto\" srcset=\"http:\/\/www.mingbrill.de\/wp-content\/uploads\/2024\/10\/MingBrill-Laden2024-1-1024x716.jpg 1024w, http:\/\/www.mingbrill.de\/wp-content\/uploads\/2024\/10\/MingBrill-Laden2024-1-300x210.jpg 300w, http:\/\/www.mingbrill.de\/wp-content\/uploads\/2024\/10\/MingBrill-Laden2024-1-768x537.jpg 768w, http:\/\/www.mingbrill.de\/wp-content\/uploads\/2024\/10\/MingBrill-Laden2024-1-1536x1074.jpg 1536w, http:\/\/www.mingbrill.de\/wp-content\/uploads\/2024\/10\/MingBrill-Laden2024-1.jpg 2048w\" sizes=\"auto, (max-width: 767px) 89vw, (max-width: 1000px) 54vw, (max-width: 1071px) 543px, 580px\" \/><\/figure>\n<\/div>\n\n\n\n<div class=\"wp-block-column is-layout-flow wp-block-column-is-layout-flow\">\n<figure class=\"wp-block-image size-large is-resized\"><img loading=\"lazy\" decoding=\"async\" width=\"1024\" height=\"716\" src=\"http:\/\/www.mingbrill.de\/wp-content\/uploads\/2024\/10\/MingBrill-Laden20242-1-1024x716.jpg\" alt=\"\" class=\"wp-image-1006\" style=\"width:319px;height:auto\" srcset=\"http:\/\/www.mingbrill.de\/wp-content\/uploads\/2024\/10\/MingBrill-Laden20242-1-1024x716.jpg 1024w, http:\/\/www.mingbrill.de\/wp-content\/uploads\/2024\/10\/MingBrill-Laden20242-1-300x210.jpg 300w, http:\/\/www.mingbrill.de\/wp-content\/uploads\/2024\/10\/MingBrill-Laden20242-1-768x537.jpg 768w, http:\/\/www.mingbrill.de\/wp-content\/uploads\/2024\/10\/MingBrill-Laden20242-1-1536x1074.jpg 1536w, http:\/\/www.mingbrill.de\/wp-content\/uploads\/2024\/10\/MingBrill-Laden20242-1.jpg 2048w\" sizes=\"auto, (max-width: 767px) 89vw, (max-width: 1000px) 54vw, (max-width: 1071px) 543px, 580px\" \/><\/figure>\n<\/div>\n<\/div>\n\n\n\n<div class=\"wp-block-columns is-layout-flex wp-container-core-columns-is-layout-9d6595d7 wp-block-columns-is-layout-flex\">\n<div class=\"wp-block-column is-layout-flow wp-block-column-is-layout-flow\">\n<p>Unsere \u00d6ffnungszeiten<\/p>\n\n\n\n<p>Montag Ruhetag<br>Dienstag bis Freitag 10.00 bis 18.00 Uhr<br>Samstag 10.00 bis 14.00 Uhr<\/p>\n<\/div>\n\n\n\n<div class=\"wp-block-column is-layout-flow wp-block-column-is-layout-flow\">\n<figure class=\"wp-block-image size-full\"><img loading=\"lazy\" decoding=\"async\" width=\"752\" height=\"567\" src=\"http:\/\/www.mingbrill.de\/wp-content\/uploads\/2024\/10\/MingBrillSunglasses.jpg\" alt=\"\" class=\"wp-image-1013\" srcset=\"http:\/\/www.mingbrill.de\/wp-content\/uploads\/2024\/10\/MingBrillSunglasses.jpg 752w, http:\/\/www.mingbrill.de\/wp-content\/uploads\/2024\/10\/MingBrillSunglasses-300x226.jpg 300w\" sizes=\"auto, (max-width: 706px) 89vw, (max-width: 767px) 82vw, 740px\" \/><\/figure>\n<\/div>\n<\/div>\n","protected":false},"excerpt":{"rendered":"<p>Willkommen bei Ming Brill ! Unter dem Motto \u201emodern, stylisch und neu&#8220; bietet Ming Brill seit Herbst 2007 eine vielf\u00e4ltige Auswahl aktueller Brillenmodelle und Kontaktlinsen an. Im Herzen von K\u00f6ln-S\u00fclz finden Sie nicht nur ein umfangreiches Sortiment, sondern auch eine kompetente Beratung. Seit 2012 haben wir uns auf Brillen f\u00fcr schmale Gesichter und enge Augenabst\u00e4nde &hellip; <\/p>\n<p class=\"link-more\"><a href=\"http:\/\/www.mingbrill.de\/\" class=\"more-link\"><span class=\"screen-reader-text\">\u201eHome\u201c<\/span> weiterlesen<\/a><\/p>\n","protected":false},"author":1,"featured_media":0,"parent":0,"menu_order":0,"comment_status":"closed","ping_status":"closed","template":"","meta":{"footnotes":""},"class_list":["post-939","page","type-page","status-publish","hentry"],"_links":{"self":[{"href":"http:\/\/www.mingbrill.de\/index.php?rest_route=\/wp\/v2\/pages\/939","targetHints":{"allow":["GET"]}}],"collection":[{"href":"http:\/\/www.mingbrill.de\/index.php?rest_route=\/wp\/v2\/pages"}],"about":[{"href":"http:\/\/www.mingbrill.de\/index.php?rest_route=\/wp\/v2\/types\/page"}],"author":[{"embeddable":true,"href":"http:\/\/www.mingbrill.de\/index.php?rest_route=\/wp\/v2\/users\/1"}],"replies":[{"embeddable":true,"href":"http:\/\/www.mingbrill.de\/index.php?rest_route=%2Fwp%2Fv2%2Fcomments&post=939"}],"version-history":[{"count":14,"href":"http:\/\/www.mingbrill.de\/index.php?rest_route=\/wp\/v2\/pages\/939\/revisions"}],"predecessor-version":[{"id":1084,"href":"http:\/\/www.mingbrill.de\/index.php?rest_route=\/wp\/v2\/pages\/939\/revisions\/1084"}],"wp:attachment":[{"href":"http:\/\/www.mingbrill.de\/index.php?rest_route=%2Fwp%2Fv2%2Fmedia&parent=939"}],"curies":[{"name":"wp","href":"https:\/\/api.w.org\/{rel}","templated":true}]}}

<p class="has-medium-font-size"><em>Willkommen bei Ming Brill</em> !</p>



<p>Unter dem Motto „modern, stylisch und neu&#8220; bietet Ming Brill seit Herbst 2007 eine vielfältige Auswahl aktueller Brillenmodelle und Kontaktlinsen an. Im Herzen von Köln-Sülz finden Sie nicht nur ein umfangreiches Sortiment, sondern auch eine kompetente Beratung. Seit 2012 haben wir uns auf Brillen für schmale Gesichter und enge Augenabstände spezialisiert und führen eine der größten Kollektionen an kleinen und schmalen Brillengestellen im gesamten Kölner Raum. Natürlich führen wir auch Brillenfassungen in Standardgrößen. Gerne laden wir Sie zu einem kostenlosen Schnelltest ein. <br>Um für jeden Kunden genügend Zeit zu haben bitte ich um vorherige Terminvereinbarung, telefonisch oder per Mail.</p>



<p></p>



<p><br>Ich freue mich auf Sie !</p>



<div class="wp-block-columns is-layout-flex wp-container-core-columns-is-layout-9d6595d7 wp-block-columns-is-layout-flex">
<div class="wp-block-column is-layout-flow wp-block-column-is-layout-flow">
<figure class="wp-block-image size-large is-resized"><img loading="lazy" decoding="async" width="1024" height="716" src="http://www.mingbrill.de/wp-content/uploads/2024/10/MingBrill-Laden2024-1-1024x716.jpg" alt="" class="wp-image-1003" style="width:319px;height:auto" srcset="http://www.mingbrill.de/wp-content/uploads/2024/10/MingBrill-Laden2024-1-1024x716.jpg 1024w, http://www.mingbrill.de/wp-content/uploads/2024/10/MingBrill-Laden2024-1-300x210.jpg 300w, http://www.mingbrill.de/wp-content/uploads/2024/10/MingBrill-Laden2024-1-768x537.jpg 768w, http://www.mingbrill.de/wp-content/uploads/2024/10/MingBrill-Laden2024-1-1536x1074.jpg 1536w, http://www.mingbrill.de/wp-content/uploads/2024/10/MingBrill-Laden2024-1.jpg 2048w" sizes="auto, (max-width: 767px) 89vw, (max-width: 1000px) 54vw, (max-width: 1071px) 543px, 580px" /></figure>
</div>



<div class="wp-block-column is-layout-flow wp-block-column-is-layout-flow">
<figure class="wp-block-image size-large is-resized"><img loading="lazy" decoding="async" width="1024" height="716" src="http://www.mingbrill.de/wp-content/uploads/2024/10/MingBrill-Laden20242-1-1024x716.jpg" alt="" class="wp-image-1006" style="width:319px;height:auto" srcset="http://www.mingbrill.de/wp-content/uploads/2024/10/MingBrill-Laden20242-1-1024x716.jpg 1024w, http://www.mingbrill.de/wp-content/uploads/2024/10/MingBrill-Laden20242-1-300x210.jpg 300w, http://www.mingbrill.de/wp-content/uploads/2024/10/MingBrill-Laden20242-1-768x537.jpg 768w, http://www.mingbrill.de/wp-content/uploads/2024/10/MingBrill-Laden20242-1-1536x1074.jpg 1536w, http://www.mingbrill.de/wp-content/uploads/2024/10/MingBrill-Laden20242-1.jpg 2048w" sizes="auto, (max-width: 767px) 89vw, (max-width: 1000px) 54vw, (max-width: 1071px) 543px, 580px" /></figure>
</div>
</div>



<div class="wp-block-columns is-layout-flex wp-container-core-columns-is-layout-9d6595d7 wp-block-columns-is-layout-flex">
<div class="wp-block-column is-layout-flow wp-block-column-is-layout-flow">
<p>Unsere Öffnungszeiten</p>



<p>Montag Ruhetag<br>Dienstag bis Freitag 10.00 bis 18.00 Uhr<br>Samstag 10.00 bis 14.00 Uhr</p>
</div>



<div class="wp-block-column is-layout-flow wp-block-column-is-layout-flow">
<figure class="wp-block-image size-full"><img loading="lazy" decoding="async" width="752" height="567" src="http://www.mingbrill.de/wp-content/uploads/2024/10/MingBrillSunglasses.jpg" alt="" class="wp-image-1013" srcset="http://www.mingbrill.de/wp-content/uploads/2024/10/MingBrillSunglasses.jpg 752w, http://www.mingbrill.de/wp-content/uploads/2024/10/MingBrillSunglasses-300x226.jpg 300w" sizes="auto, (max-width: 706px) 89vw, (max-width: 767px) 82vw, 740px" /></figure>
</div>
</div>

<p>Willkommen bei Ming Brill ! Unter dem Motto „modern, stylisch und neu&#8220; bietet Ming Brill seit Herbst 2007 eine vielfältige Auswahl aktueller Brillenmodelle und Kontaktlinsen an. Im Herzen von Köln-Sülz finden Sie nicht nur ein umfangreiches Sortiment, sondern auch eine kompetente Beratung. Seit 2012 haben wir uns auf Brillen für schmale Gesichter und enge Augenabstände &hellip; </p>
<p class="link-more"><a href="http://www.mingbrill.de/" class="more-link"><span class="screen-reader-text">„Home“</span> weiterlesen</a></p>
